- 5 + 19 - 5*v + 0*v - 13. What is z(q)?
23
Let n(s) be the second derivative of s**8/6720 - s**7/504 - s**6/90 + s**5/30 - s**4/6 - 5*s**2 + 39*s. Let h(b) be the third derivative of n(b). What is h(6)?
-8
Let n(l) = l**3 - 5*l**2 - l + 5. Let w be n(5). Suppose 3*m - 423 = 5*c, -5*c - 4*m - 46 - 370 = w. Let g = c + 94. Let i(y) = y**2 - 9*y - 5. Determine i(g).
5
Suppose 3*w = -1 + 4. Let a(r) = -8 + r**3 + 3 + w + 3 - 8*r**2. Suppose -4*d + 20 = 2*f, 9*f - 5*f - 36 = -4*d. Determine a(f).
-1
Let o(z) = z**3 + 3*z**2 - 2*z - 8. Suppose -16*w = 12*w + 112. Give o(w).
-16
Suppose -7*f + 168 = f. Suppose 2*a + 3 = 3*v - 2, 3*a + 5*v - f = 0. Let m(o) = 6 + 0 + 9 - o**a + 7*o - 12. Give m(7).
3
Let i(g) = 3*g - 16. Let t(p) = -2*p + 9. Let q(b) = -2*i(b) - 5*t(b). Let k(w) = 3*w - 11. Let c(n) = 3*k(n) - 2*q(n). What is c(12)?
5
Let u(m) = -9*m + 5. Let b be (-2)/11 + (-2745)/3355. What is u(b)?
14
Let n(u) be the second derivative of -u**3/6 + 2*u**2 + u. Let k = 222 - 1331. Let h = k - -1103. Determine n(h).
10
Let z(p) = 58*p - 23. Let w(d) = 28*d - 11. Let h(y) = -9*w(y) + 4*z(y). Let b(s) = 41*s - 12. Let u(m) = -4*b(m) - 7*h(m). What is u(-1)?
23
Let f(i) = 11*i**3 - 21*i**2 - 19*i - 1. Let r(z) = 2*z**3 - 2*z**2 + z + 3. Let d(n) = f(n) - 5*r(n). What is d(13)?
10
Let c(x) = x**2 + 5*x - 3. Let i = 148 - 286. Let y = 133 + i. Give c(y).
-3
Let p(x) = -x**3 + 6*x**2 + 4*x + 3. Let y be (0 + 30/25)/((-4)/10). Let t(b) = -b**3 + 6*b**2 + 3*b + 3. Let d(f) = y*p(f) + 2*t(f). Give d(7).
4
Let u(q) = -11*q - 19. Let v(g) = -16*g - 11*g - 20*g - 17*g + 57*g - 10. Let r(p) = -3*u(p) + 5*v(p). Determine r(13).
-19
Let d(y) = -7*y**2 + y + 2. Let f be d(3). Let v = 46 + 8. Let u = v + f. Let n(q) = -q**3 - 5*q**2 - 2*q + 5. Give n(u).
-3
Let w(f) = -2*f + 26. Let d be w(15). Let b(n) = -1 - 2 - 13*n - 7*n + 22*n - 11*n. Calculate b(d).
33
Let d(f) = -f**3 + 4*f + 4. Suppose 3*n = -1 - 5. Calculate d(n).
4
Let l(k) = k**2 + 8*k - 23. Let j = -59 + -42. Let y = -111 - j. Give l(y).
-3
Suppose 4*i - l + 39 = 4, -4*i + 4*l = 44. Let h(t) be the third derivative of t**6/120 + 2*t**5/15 + 3*t**2 - t - 97. Determine h(i).
0
Suppose 188*j + 46*j - 4545 = -69*j. Let u(r) = -r**3 + 17*r**2 - 27*r - 40. Calculate u(j).
5
Let s(h) = 19*h**2 + 40*h + 8. Let l(c) = 16*c**2 + 32*c + 8. Let t(y) = -6*l(y) + 5*s(y). Let q = 17 + -11. Give t(q).
4
Let z(b) = 4*b**2 - 32*b + 30. Let n(v) = -11*v - 1808. Let c be n(-165). Give z(c).
2
Let j(o) = 3*o - 3. Let y be (-120)/(-72) + 57/9. Suppose 82*k = 86*k - y. Give j(k).
3
Let x(m) = 4*m**3 + 5*m**2 - 3*m + 2. Let d(u) = -3*u**3 - 2*u**2 + u - 1. Let t(l) = d(l) + x(l). Determine t(-3).
7
Let t(u) = 4*u + 3. Suppose 15*o - 9*o - 66 = 0. Suppose o*y + 42 = -35. Calculate t(y).
-25
Let n = -42250 + 42256. Let z be 0 - (-2 + 2 + -1). Let l(k) = z - 3*k + 6*k**2 + 0*k**3 + 0 - k**3. Determine l(n).
-17
Let y be -2*(4 - (2 - -4)). Let i(a) = 859*a**3 - y*a + 2 - 854*a**3 - 1 + 2*a + 0*a. What is i(1)?
4
Let g(h) = -761*h**2 - 23 + 392*h + 756*h**2 + h**3 - 396*h. Determine g(7).
47
Let t be (4/(-3))/(2/(-63)). Let g = -219 + 209. Let n be 1/(-4 - t/g). Let z(j) = -j**3 + 3*j**2 + 6*j + 7. Determine z(n).
-13
Let i(n) = -n**2 + 7*n + 49. Suppose -60*y = 5*k - 61*y - 53, -2*y + 4 = 0. Give i(k).
5
Let t(j) = -3*j**2 + 6 - 74*j + 8*j + 33*j + 37*j. What is t(-5)?
-89
Let w(o) be the third derivative of -41*o**6/120 + o**4/24 + 103*o**2 - o - 16. Give w(1).
-40
Let b(f) be the third derivative of -3*f**4/8 + 23*f**3/6 - 7*f**2 + 52. Determine b(4).
-13
Suppose -279*m + 297*m - 179 = -17. Let i(t) = t**2 - 9*t + 4. Calculate i(m).
4
Let g(p) = -10*p**2 - 30*p - 21. Let h(l) = 13*l**2 + 34*l + 18. Let z(x) = -4*g(x) - 3*h(x). What is z(-13)?
-35
Let m(b) = -b**3 + 3*b**2 - 3*b + 2. Let t(a) = -17*a**2 - a + 1. Let x be t(1). Suppose 4*s = 3*l - 48, -3*l - 83 = 5*s - l. Let y = s - x. What is m(y)?
0
Let d(b) = 4 - 2 + 4*b + 2 - 2*b. Let x = -1602 - -1602. Calculate d(x).
4
Suppose -5*f - 5 = -5*z, -410*f - 4*z = -407*f - 18. Let a(b) be the second derivative of 0 + 1/2*b**f + 28*b - 1/12*b**4 + 1/6*b**3. What is a(3)?
-5
Let t(r) = 5*r**2 + 7*r + 1. Let w(k) = -11*k**2 - 13*k - 7. Let l(m) = -5*t(m) - 2*w(m). Calculate l(-5).
-21
Let v(n) = n**2 + 2*n - 17. Let d be ((-12)/(-9))/(26/(-156)). Give v(d).
31
Let z = -11 - -26. Let n = 11 - z. Let u(x) = 32*x**2 + 39*x - 18. Let a(p) = 5*p**2 + 6*p - 3. Let c(v) = -13*a(v) + 2*u(v). Give c(n).
-13
Suppose -1200 = -510*c + 560*c. Let m(d) = d**2 + 21*d - 7. Determine m(c).
65
Let o(l) = l**3 + 9*l**2 + 2*l + 6. Let s be o(-9). Let d(r) be the first derivative of r**2/2 + 18*r - 321. Give d(s).
6
Let p(n) = 5*n - 2. Let c be p(2). Let b(k) be the third derivative of k**5/60 - 5*k**4/12 + k**3/3 + 44*k**2 + 4*k. Determine b(c).
-14
Let b(g) be the second derivative of g**3/6 + 2*g**2 - 2*g + 522. Let u(a) = -2*a - 1. Let n be u(-2). Determine b(n).
7
Let s(i) = -153*i + 66*i - 13*i - 11 + 43*i + 4*i**2 - 38. Give s(15).
-4
Let l(w) = -9*w + 1. Let a(b) = b**2 - 21*b + 2. Let g(r) = 4*a(r) - 9*l(r). Calculate g(-1).
6
Let q(b) = -2*b + 9. Let v = 387 + -385. Suppose 3*x + v*g - 7 = 16, 0 = -3*x - g + 19. Determine q(x).
-1
Suppose -45*p + 4 = 4. Let k = 7 - 5. Let l(q) = -4*q + q + k*q - q**2 + p*q**3 - 5*q**3. Give l(-1).
5
Let k(c) be the second derivative of -81*c + 1/2*c**2 + 2 + 1/3*c**3. What is k(1)?
3
Let c = -8394 - -8392. Let r(h) = 30*h + 9. Calculate r(c).
-51
Let j(t) = -t + 1. Let v(r) = -r**2 - 6*r + 7. Let m(c) = 3*j(c) - v(c). Let z = 41 + -43. Let f = z - 2. What is m(f)?
0
Let u = 3 + -4. Let c(b) be the second derivative of b**5/15 - 10*b**3 - 9*b. Let y(n) be the second derivative of c(n). Give y(u).
-8
Let f(m) = 30*m - 2. Let j be f(3). Suppose -10*s = s - j. Let b(d) = -d**3 + 8*d**2 + 2*d - 12. Determine b(s).
4
Let r(f) be the third derivative of -7*f**4/8 + 4*f**3/3 + 964*f**2. Give r(2).
-34
Let z(t) = -5*t**2 + 10*t + 6. Let f(r) = 32*r**2 + 9*r + 5 - 11*r**2 - 24*r**2. Let a(k) = -3*f(k) + 2*z(k). Calculate a(-3).
9
Let s(b) = -b**2 - 112*b + 229. Let u be s(-114). Let y(n) = 2*n**3 + 2*n**2 - 1. Give y(u).
3
Let h be (-2)/(40/(-2)) + (-285)/(-150). Let l(n) = 0*n**h - 611 - 611 + n**2 + 1224. What is l(-4)?
18
Let m(u) = -2*u**2 - 2*u + 6. Suppose -c + 23 - 12 = -2*t, 0 = t + 2. Let p(f) = 3*f - 4 - 5 + 0*f**2 + 3*f**2. Let x(w) = c*m(w) + 5*p(w). Calculate x(0).
-3
Let h(y) = y**3 - 38*y**2 + 41*y - 146. Let n(u) = u**2 + 105*u - 747. Let a be n(7). Give h(a).
2
Let o(t) = 7*t**2 - 6*t - 23. Let i be o(-5). Let q = i - 176. Let w(k) = k**3 - 7*k**2 + 7*k + 5. Calculate w(q).
11
Let i(q) be the third derivative of -q**7/5040 + q**6/36 + 9*q**5/20 + 96*q**2 + 2. Let a(y) be the third derivative of i(y). What is a(16)?
4
Suppose 0 = -2*s - z + 6*z + 16, -5*s - z + 13 = 0. Let r(w) = 0*w + 11 + 3*w - 2045*w**2 + 2050*w**2 + w**s + 0*w. Calculate r(-5).
-4
Let n(s) = -s**2 + s. Let i be n(2). Let b(t) be the first derivative of t**4/2 + t**3 - 3*t + 259. Determine b(i).
-7
Suppose -48*z + 81 = -6*z - 3. Let d(p) = -p + 3. Calculate d(z).
1
Let l(q) = -3*q - 4. Let i = -3450 + 3457. Determine l(i).
-25
Let n = 13 - 10. Let t(a) = -3*a + 2*a - 3*a + n*a**2. Let h = -309 + 312. Calculate t(h).
15
Suppose 0 = u, 2*h = -5*u - 22 - 20. Let g be (-2*2 + h/(-14))*-2. Suppose 9 + 6 = g*f. Let a(q) = -2*q**2 + 3*q + 4. Calculate a(f).
-5
Let o = 155 + -124. Let h(b) be the first derivative of o*b**2 + 1 - 2*b + 5*b - 32*b**2. Calculate h(-3).
9
Let w = 7563 - 7560. Let s(o) be the first derivative of -o**2 - 11 + o - 1/4*o**4 + 2/3*o**w. Determine s(2).
-3
Let g(p) = -6*p + 1. Let h(s) = -s**2 + 15*s + 16. Let w be h(16). Suppose w = 3*k + 6, -6*x + 14 = -3*x - 4*k. What is g(x)?
-11
Let y(g) be the third derivative of g**5/15 + g**4/24 - 2*g**2. Let b = -147 - -148. Let a be (-6 - (3 + (-2 - 4))) + b. Give y(a).
14
Let r = -29 + 35. Suppose 3*u = 2*u + r. Let v(o) be the first derivative of -o**3/3 + 5*o**2/2 - o + 81. Determine v(u).
-7
Let w(b) = b**3 - 35*b**2 - 12*b - 6. Let p(n) = 4*n**3 - 142*n**2 - 54*n - 24. Let v(h) = 2*p(h) - 9*w(h). What is v(31)?
6
Let o(v) = 4*v**3 + v**2 + 21*v - 14. Let w(t) = 11*t**3 + 59*t - 41. Let z(s) = 8*o(s) - 3*w(s). What is 